et m(h) = h**3 - 10*h**2 + 11*h - 8. Let w(y) = -3*m(y) + 5*x(y). List the prime factors of w(3).
2, 47
What are the prime factors of 12/8*(-38180)/(-30)?
23, 83
Suppose 4*b - 14 - 10 = 0. Suppose -b*f + f - 65 = 0. Let w = -1 - f. What are the prime factors of w?
2, 3
Let y(f) = 5241*f - 75. What are the prime factors of y(1)?
2, 3, 7, 41
Let x(t) = -2 - 4 + 0 + 2 + 2*t. Let b be x(8). Let n = -3 + b. What are the prime factors of n?
3
Let p = -10 + -3. Let y(c) = -c**3 - 13*c**2 - 6*c + 20. What are the prime factors of y(p)?
2, 7
Let n(m) = m**2 - 18*m - 6. Let j be n(9). Let b be (4/(-4))/(3/j). Let x = b + -6. What are the prime factors of x?
23
Let c = -1510 + 2378. Suppose 8*y - c = 4*y. List the prime factors of y.
7, 31
Suppose 0 = 10*n + 375 - 1075. List the prime factors of n.
2, 5, 7
Let a = -2421 - -2895. List the prime factors of a.
2, 3, 79
Suppose 2*s - 2*f - 182 = 0, -15*s + 5*f = -16*s + 79. Let a be 1/(2/8)*20. Suppose 0*w + 2*w - u - s = 0, -2*u = 2*w - a. List the prime factors of w.
43
Suppose -3*i = -6, 5*y - 4*i + 7*i = 981. What are the prime factors of y?
3, 5, 13
Let x be -3 + (1 + -3)*-43. Suppose -643 + x = -4*k. List the prime factors of k/7 + 0/(-2).
2, 5
Let k = -124 - -650. What are the prime factors of k?
2, 263
Suppose -4*z - 2*x = -0*z - 12, 0 = -3*z + x + 9. Let s = -66 + 192. Suppose -6*k = -z*k - s. What are the prime factors of k?
2, 3, 7
Suppose 8*i - 4 = 6*i. Suppose -c - 3*o + 21 = 0, 0 = -5*c + i*o + 34 + 54. Suppose 2*d + c = 3*d. List the prime factors of d.
2, 3
Let u be (4 - 4) + 2 - 33. Let h = u + 33. List the prime factors of h.
2
Let i(k) be the first derivative of -5*k**2/2 - 12*k - 5. List the prime factors of i(-6).
2, 3
Let o(t) = t + 9. Let v(y) = y - 3 + 2 + 9. Let l(j) = 3*o(j) - 4*v(j). List the prime factors of l(-10).
5
Suppose 5*y = -4*m + 6616, -5*y - 2*m = -m - 6619. List the prime factors of y.
2, 331
Let a = 2377 + -1293. What are the prime factors of a?
2, 271
Suppose 2*k - 7 = -0*k - a, -3*a = -3. Let s(p) = 3*p**3 - p**2 + 6*p - 10. List the prime factors of s(k).
2, 5
List the prime factors of (81/18 + -7)*(1 + -77).
2, 5, 19
Suppose c + 3*s - 4018 = 0, -28*s - 16087 = -4*c - 25*s. List the prime factors of c.
4021
Suppose 5 = -k + 2*h, 2 = 5*k + 2*h + 3. Let n(p) = -209*p**3 + 2*p**2 + 3*p. List the prime factors of n(k).
2, 13
Let j(p) = -7*p**2 - 1. Let b be j(-1). Let z = 46 + b. What are the prime factors of z?
2, 19
Suppose y - 5446 = -5*n + 2*n, 5*y + 3659 = 2*n. List the prime factors of n.
23, 79
Let a(t) = -t**2 + 5*t - 1. Let w be a(7). What are the prime factors of ((-14)/(-3))/(w/(-225))?
2, 5, 7
Let b = 1073 + 1340. What are the prime factors of b?
19, 127
Let c(r) = -r**3 + r**2 + 3. Let y = 1 + 8. Let j = 9 - y. List the prime factors of c(j).
3
Let d = 1513 + -1263. What are the prime factors of d?
2, 5
Let j(d) = 25*d - 11. Let c = 3 - -8. Let l be j(c). Suppose 0 = -3*s - 3*q + q + 152, 2*q = 5*s - l. What are the prime factors of s?
2, 13
Let w = -8 - -20. Let f be 1/3 + (-112)/w. What are the prime factors of (-2)/f - (-1446)/54?
3
Suppose 5*m - 4 + 29 = 0. Let p(i) = -i**3 - 12*i**2 - 13. Let v be p(-12). List the prime factors of (v - m)/(1/(-2)).
2
Suppose -24 = -3*l - 9. Let t(w) = w**3 - 11*w**2 + w - 3. Let k(i) = i**3 - 12*i**2 + i - 3. Let b(d) = -6*k(d) + 7*t(d). List the prime factors of b(l).
2
Suppose -5*f + 0*r = 4*r - 2421, r = 3*f - 1439. What are the prime factors of f?
13, 37
Suppose 5594 = 4*n + 2*y + 1542, 4*y + 995 = n. What are the prime factors of n?
3, 337
Suppose -21*n + 20*n + 88 = 0. Let g = n + -21. What are the prime factors of g?
67
Let x(w) = w + 4. Let t be x(9). Let s = t - 11. What are the prime factors of ((-50)/(-2))/(2/s)?
5
Suppose o + 4*k = -15, 0*k - 2*k - 30 = -4*o. Suppose -10 = -o*q, 2*j + 3*q - 68 = 44. List the prime factors of j.
53
Suppose 0 = 3*n - 5*c - 385 - 1043, -2*n - 4*c + 974 = 0. List the prime factors of n.
13, 37
Let i(l) = -11*l. Let o(s) = 6*s. Let a(t) = -2*i(t) - 5*o(t). Let f be a(-1). What are the prime factors of (-9 + 1)/((-4)/f)?
2
Suppose -1203 = -7*g + 1905. What are the prime factors of g?
2, 3, 37
Let a = 5673 - 3512. What are the prime factors of a?
2161
Let c = 16 - -7. Suppose -c + 1904 = 19*g. List the prime factors of g.
3, 11
Let c be 4 - (3 + 3) - 2. List the prime factors of (10/c + 0)*-26.
5, 13
Let l(i) = i - 6. Let n be l(7). Let d be 0 + -261 + (-27)/9. What are the prime factors of (n/(-3))/(4/d)?
2, 11
Let p be 26/39 + 14/6. Let c be 2 - p - 1/1. What are the prime factors of c/(-4)*(-5 + 87)?
41
Let i be (-19 - 5)*(-1 + 0). Suppose f + i - 94 = 0. What are the prime factors of f?
2, 5, 7
Suppose -80 - 523 = -9*w. What are the prime factors of w?
67
Suppose 0 = -4*k - 4*p + 4, -2*k + 3 = -2*p - 3. Let h(z) = -z**3 + 16*z**2 - 14*z + 7. Let b be h(15). Suppose k*q + 2 = b. What are the prime factors of q?
2, 5
Let i be ((-20)/12 - -1)*-12. Let a(u) = -3 + i - 2 + 1 + 17*u. What are the prime factors of a(2)?
2, 19
Suppose 7*q - 210 = -3*q. Let a = -24 + q. What are the prime factors of 3*26 + -4 + a?
71
Let v(s) be the third derivative of s**6/120 - s**5/15 - s**4/4 + 7*s**3/6 - 5*s**2. Let u be v(5). Let z(b) = 7*b - 2. List the prime factors of z(u).
2, 3
Suppose 0 = -0*a + 10*a - 28290. What are the prime factors of a?
3, 23, 41
Let m(p) = -p**3 + 3*p**2 + 5*p + 3. Let q be m(4). Let s(n) = -n + 22. What are the prime factors of s(q)?
3, 5
Let f(w) be the second derivative of -29*w**3/6 - 9*w**2/2 + 14*w. Let i(t) = 59*t + 18. Let k(l) = 13*f(l) + 6*i(l). List the prime factors of k(-3).
2, 3, 5
Let w be (3*(-2)/8)/(8/(-64)). Suppose -w*f + 1020 = 6*f. What are the prime factors of f?
5, 17
Let c = 9179 + -4433. What are the prime factors of c?
2, 3, 7, 113
Let f(m) = -2*m + 10. Let q be f(7). Let b = 31 - 18. Let l = q + b. What are the prime factors of l?
3
Let q be (-12)/(-36) + 16/6. Suppose -16 = 3*f - v, q*f + 4*v + 4 = 8. List the prime factors of f*(0 - 87/12).
29
Let p = 864 + -692. What are the prime factors of p?
2, 43
Let s be 1/(876/291 - (2 + 1)). What are the prime factors of (-6)/(-27) + s/9?
11
Let i be (0 + 5)*24/40. Suppose 0 = -9*t + 6 + i. List the prime factors of ((-4)/((-1)/t))/1.
2
Let x = 285 + -125. Let l = 296 - x. List the prime factors of l.
2, 17
Let k(h) = -301*h**3 + 5*h**2 + 15*h. What are the prime factors of k(-2)?
2, 11, 109
Let x(a) = a**2 - 9*a + 11. Let h be x(8). Suppose -3*j - h = -9. Suppose -j*b = -4*b + 52. List the prime factors of b.
2, 13
Let d(l) = -l**2 - 14*l - 16. Let h(p) = 3*p + 22. Let z be h(-9). List the prime factors of d(z).
29
Let g(i) = 230*i**3 + i**2 + i - 1. Let t be g(1). Let b = 344 - t. What are the prime factors of b?
113
Suppose 0 = 7*p - 4*p - 15. Let b(q) = -q**3 + 6*q**2 + 2. What are the prime factors of b(p)?
3
Let v = 206 - 178. Suppose 14 = -2*i + 72. Suppose a - i = v. What are the prime factors of a?
3, 19
Let h(z) = -z**2 - 27*z - 32. List the prime factors of h(-14).
2, 3, 5
Suppose g = 2*o - 4*o + 946, 5*g + 4*o = 4700. What are the prime factors of g?
2, 3, 13
Suppose -18*i + 22*i = 0. Suppose -k = -i*d + 3*d - 182, 3*d + 2*k - 184 = 0. What are the prime factors of d?
2, 3, 5
Suppose -2*f + 2*d + 908 = 0, 3*d - 905 = -2*f + 4*d. What are the prime factors of f?
11, 41
Suppose 2068 = -5*x + 16*x. What are the prime factors of x?
2, 47
Suppose -6 = -3*x - 0, x - 6 = -2*y. Suppose 4*d + 3*q - 465 = 0, -3*q + 466 = 4*d - q. Suppose y*r = 5*r - d. List the prime factors of r.
3, 13
Suppose -21*r + 13*r = -5208. What are the prime factors of r?
3, 7, 31
List the prime factors of (-3 - -1)*-337*(-221)/(-442).
337
What are the prime factors of (-5)/(-15) + 5432/12?
3, 151
Suppose 0 = 4*m + 2 + 2. What are the prime factors of (m - -2)/((-10)/(-920))?
2, 23
Suppose 9*t = 3 + 51. Let l = 122 - t. List the prime factors of l.
2, 29
What are the prime factors of (-147)/(3/5 - (-279)/(-390))?
2, 7, 13
Let f(d) = 11*d**2 - 6*d + 3. Let a be f(4). Suppose -z - 2*z - 2*s - 4 = 0, 2*z + s + 2 = 0. Suppose -8*v + 3*v + a = z. What are the prime factors of v?
31
Let y(i) = -i**2 - 9*i + 2. Let z be y(-10). Let r(m) = 7*m**2 + m**3 + 14*m - 3*m - 2*m**2 - 2 + 5*m**2. List the prime factors of r(z).
2, 